{"id":1606,"date":"2023-02-06T10:32:27","date_gmt":"2023-02-06T10:32:27","guid":{"rendered":"https:\/\/tafaequilibrio.com\/?page_id=1606"},"modified":"2023-02-24T23:33:10","modified_gmt":"2023-02-24T23:33:10","slug":"capoeira","status":"publish","type":"page","link":"https:\/\/tafaequilibrio.com\/?page_id=1606","title":{"rendered":"Capoeira"},"content":{"rendered":"\t\t<div data-elementor-type=\"wp-page\" data-elementor-id=\"1606\" class=\"elementor elementor-1606\">\n\t\t\t\t\t\t\t\t\t<section class=\"elementor-section elementor-top-section elementor-element elementor-element-5472812 elementor-section-boxed elementor-section-height-default elementor-section-height-default\" data-id=\"5472812\" data-element_type=\"section\">\n\t\t\t\t\t\t<div class=\"elementor-container elementor-column-gap-default\">\n\t\t\t\t\t<div class=\"elementor-column elementor-col-100 elementor-top-column elementor-element elementor-element-8020ba0\" data-id=\"8020ba0\" data-element_type=\"column\">\n\t\t\t<div class=\"elementor-widget-wrap elementor-element-populated\">\n\t\t\t\t\t\t\t\t<div class=\"elementor-element elementor-element-149d13d elementor-widget elementor-widget-video\" data-id=\"149d13d\" data-element_type=\"widget\" data-settings=\"{&quot;video_type&quot;:&quot;hosted&quot;,&quot;autoplay&quot;:&quot;yes&quot;,&quot;play_on_mobile&quot;:&quot;yes&quot;,&quot;controls&quot;:&quot;yes&quot;}\" data-widget_type=\"video.default\">\n\t\t\t\t<div class=\"elementor-widget-container\">\n\t\t\t<style>\/*! elementor - v3.17.0 - 08-11-2023 *\/\n.elementor-widget-video .elementor-widget-container{overflow:hidden;transform:translateZ(0)}.elementor-widget-video .elementor-wrapper{aspect-ratio:var(--video-aspect-ratio)}.elementor-widget-video .elementor-wrapper iframe,.elementor-widget-video .elementor-wrapper video{height:100%;width:100%;display:flex;border:none;background-color:#000}@supports not (aspect-ratio:1\/1){.elementor-widget-video .elementor-wrapper{position:relative;overflow:hidden;height:0;padding-bottom:calc(100% \/ var(--video-aspect-ratio))}.elementor-widget-video .elementor-wrapper iframe,.elementor-widget-video .elementor-wrapper video{position:absolute;top:0;right:0;bottom:0;left:0}}.elementor-widget-video .elementor-open-inline .elementor-custom-embed-image-overlay{position:absolute;top:0;right:0;bottom:0;left:0;background-size:cover;background-position:50%}.elementor-widget-video .elementor-custom-embed-image-overlay{cursor:pointer;text-align:center}.elementor-widget-video .elementor-custom-embed-image-overlay:hover .elementor-custom-embed-play i{opacity:1}.elementor-widget-video .elementor-custom-embed-image-overlay img{display:block;width:100%;aspect-ratio:var(--video-aspect-ratio);-o-object-fit:cover;object-fit:cover;-o-object-position:center center;object-position:center center}@supports not (aspect-ratio:1\/1){.elementor-widget-video .elementor-custom-embed-image-overlay{position:relative;overflow:hidden;height:0;padding-bottom:calc(100% \/ var(--video-aspect-ratio))}.elementor-widget-video .elementor-custom-embed-image-overlay img{position:absolute;top:0;right:0;bottom:0;left:0}}.elementor-widget-video .e-hosted-video .elementor-video{-o-object-fit:cover;object-fit:cover}.e-con-inner>.elementor-widget-video,.e-con>.elementor-widget-video{width:var(--container-widget-width);--flex-grow:var(--container-widget-flex-grow)}<\/style>\t\t<div class=\"e-hosted-video elementor-wrapper elementor-open-inline\">\n\t\t\t\t\t<video class=\"elementor-video\" src=\"https:\/\/tafaequilibrio.com\/wp-content\/uploads\/2023\/02\/capoeiravideo1.mp4\" autoplay=\"\" controls=\"\" playsinline=\"\" controlsList=\"nodownload\"><\/video>\n\t\t\t\t<\/div>\n\t\t\t\t<\/div>\n\t\t\t\t<\/div>\n\t\t\t\t\t<\/div>\n\t\t<\/div>\n\t\t\t\t\t\t\t<\/div>\n\t\t<\/section>\n\t\t\t\t<section class=\"elementor-section elementor-top-section elementor-element elementor-element-1f26b8e elementor-section-boxed elementor-section-height-default elementor-section-height-default\" data-id=\"1f26b8e\" data-element_type=\"section\">\n\t\t\t\t\t\t<div class=\"elementor-container elementor-column-gap-default\">\n\t\t\t\t\t<div class=\"elementor-column elementor-col-100 elementor-top-column elementor-element elementor-element-23fbe5d\" data-id=\"23fbe5d\" data-element_type=\"column\">\n\t\t\t<div class=\"elementor-widget-wrap elementor-element-populated\">\n\t\t\t\t\t\t\t\t<div class=\"elementor-element elementor-element-5cc7673 elementor-widget elementor-widget-text-editor\" data-id=\"5cc7673\" data-element_type=\"widget\" data-widget_type=\"text-editor.default\">\n\t\t\t\t<div class=\"elementor-widget-container\">\n\t\t\t<style>\/*! elementor - v3.17.0 - 08-11-2023 *\/\n.elementor-widget-text-editor.elementor-drop-cap-view-stacked .elementor-drop-cap{background-color:#69727d;color:#fff}.elementor-widget-text-editor.elementor-drop-cap-view-framed .elementor-drop-cap{color:#69727d;border:3px solid;background-color:transparent}.elementor-widget-text-editor:not(.elementor-drop-cap-view-default) .elementor-drop-cap{margin-top:8px}.elementor-widget-text-editor:not(.elementor-drop-cap-view-default) .elementor-drop-cap-letter{width:1em;height:1em}.elementor-widget-text-editor .elementor-drop-cap{float:left;text-align:center;line-height:1;font-size:50px}.elementor-widget-text-editor .elementor-drop-cap-letter{display:inline-block}<\/style>\t\t\t\t<p lang=\"es-EC\">Valor: $50 <br \/>Tiempo: 1:30<br \/>12 veces x mes<\/p><p lang=\"es-EC\"><span lang=\"es-EC\">La capoeira <\/span>combina distintas disciplinas como la danza, las artes marciales, la m\u00fasica y las acrobacias. Se practica en grupo, organizado en roda o c\u00edrculo, al comp\u00e1s de la m\u00fasica de tambores y otros instrumentos tradicionales como el berimbau, y acompa\u00f1ado con el cant<span lang=\"es-EC\">o. Lo fundamental es el paso del yo a nosotros, del individualismo al crecer en grupo. Ven y se parte del grupo.<\/span><\/p><p lang=\"es-EC\">Beneficios:<\/p><p lang=\"es-EC\"><i>Mentales:<\/i><\/p><p lang=\"es-EC\">1 Los juegos que hacen parte de la ense\u00f1anza y aprendizaje de la capoeira, permiten que las personas fortalezcan su memoria<\/p><p lang=\"es-EC\">2 Entender causas y efectos<\/p><p lang=\"es-EC\">3 Resolver Problemas<\/p><p lang=\"es-EC\">4 Administraci\u00f3n del tiempo y espacio de los movimientos<\/p><p lang=\"es-EC\">5 Entender la individualidad del cuerpo y su propia forma de expresi\u00f3n<\/p><p lang=\"es-EC\">6 Aumenta la creatividad<\/p><p lang=\"es-EC\">7 Aprendizaje de habilidades musicales como tocar instrumentos, cantar, bailar. Tambi\u00e9n estimula el ritmo, la expresi\u00f3n corporal, el trabajo en equipo, el equilibrio, la integraci\u00f3n y el aprendizaje de un nuevo idioma, el portugu\u00e9s, as\u00ed como la historia y cultura de otros pa\u00edses.<\/p><p lang=\"es-EC\"><i>Emocionales:<\/i><\/p><p lang=\"es-EC\">1 Aprender a controlar nuestras reacciones emocionales<\/p><p lang=\"es-EC\">2 Adaptaci\u00f3n de conductas a los h\u00e1bitos sociales<\/p><p lang=\"es-EC\">3 Disciplina<\/p><p lang=\"es-EC\">4 Autoestima<\/p><p lang=\"es-EC\"><i>F\u00edsicos:<\/i><\/p><p lang=\"es-EC\">1 Coordinaci\u00f3n motora<\/p><p lang=\"es-EC\">2 Mejora de campo visual<\/p><p lang=\"es-EC\">3 Mejora en la resistencia muscular<\/p><p lang=\"es-EC\">4 Aumento de flexibilidad<\/p><p lang=\"es-EC\">5 Aumento de reflejos y velocidad<\/p><p lang=\"es-EC\">6 Expresi\u00f3n corporal<\/p><p lang=\"es-EC\">\u00a0<\/p>\t\t\t\t\t\t<\/div>\n\t\t\t\t<\/div>\n\t\t\t\t\t<\/div>\n\t\t<\/div>\n\t\t\t\t\t\t\t<\/div>\n\t\t<\/section>\n\t\t\t\t\t\t\t<\/div>\n\t\t","protected":false},"excerpt":{"rendered":"<p>https:\/\/tafaequilibrio.com\/wp-content\/uploads\/2023\/02\/capoeiravideo1.mp4 Valor: $50 Tiempo: 1:3012 veces x mes La capoeira combina distintas disciplinas como la danza, las artes marciales, la m\u00fasica y las acrobacias. Se practica en grupo, organizado en roda o c\u00edrculo, al comp\u00e1s de la m\u00fasica de tambores y otros instrumentos tradicionales como el berimbau, y acompa\u00f1ado con el canto. Lo fundamental es [&hellip;]<\/p>\n","protected":false},"author":4,"featured_media":0,"parent":0,"menu_order":0,"comment_status":"closed","ping_status":"closed","template":"","meta":{"hide_page_title":"","footnotes":""},"class_list":["post-1606","page","type-page","status-publish","hentry"],"_links":{"self":[{"href":"https:\/\/tafaequilibrio.com\/index.php?rest_route=\/wp\/v2\/pages\/1606","targetHints":{"allow":["GET"]}}],"collection":[{"href":"https:\/\/tafaequilibrio.com\/index.php?rest_route=\/wp\/v2\/pages"}],"about":[{"href":"https:\/\/tafaequilibrio.com\/index.php?rest_route=\/wp\/v2\/types\/page"}],"author":[{"embeddable":true,"href":"https:\/\/tafaequilibrio.com\/index.php?rest_route=\/wp\/v2\/users\/4"}],"replies":[{"embeddable":true,"href":"https:\/\/tafaequilibrio.com\/index.php?rest_route=%2Fwp%2Fv2%2Fcomments&post=1606"}],"version-history":[{"count":55,"href":"https:\/\/tafaequilibrio.com\/index.php?rest_route=\/wp\/v2\/pages\/1606\/revisions"}],"predecessor-version":[{"id":2402,"href":"https:\/\/tafaequilibrio.com\/index.php?rest_route=\/wp\/v2\/pages\/1606\/revisions\/2402"}],"wp:attachment":[{"href":"https:\/\/tafaequilibrio.com\/index.php?rest_route=%2Fwp%2Fv2%2Fmedia&parent=1606"}],"curies":[{"name":"wp","href":"https:\/\/api.w.org\/{rel}","templated":true}]}}